{"id":1271,"date":"2021-07-02T10:30:00","date_gmt":"2021-07-02T16:30:00","guid":{"rendered":"https:\/\/marcon-services.com\/inicio\/?page_id=1271"},"modified":"2024-06-09T15:05:37","modified_gmt":"2024-06-09T21:05:37","slug":"tkm-opti-print","status":"publish","type":"page","link":"https:\/\/marcon-services.com\/inicio\/tkm-opti-print\/","title":{"rendered":"Rasqueta TKM Opti Print"},"content":{"rendered":"\n<section class=\"wp-block-uagb-columns uagb-columns__wrap uagb-columns__background-none uagb-columns__stack-mobile uagb-columns__valign- uagb-columns__gap-10 align uagb-block-51ad28bf uagb-columns__columns-2 uagb-columns__max_width-theme\"><div class=\"uagb-columns__overlay\"><\/div><div class=\"uagb-columns__inner-wrap uagb-columns__columns-2\">\n<div class=\"wp-block-uagb-column uagb-column__wrap uagb-column__background-undefined uagb-block-435ccf33\"><div class=\"uagb-column__overlay\"><\/div>\n<div data-aos= \"slide-right\" data-aos-duration=\"400\" data-aos-delay=\"0\" data-aos-easing=\"ease\" data-aos-once=\"true\" class=\"wp-block-uagb-image uagb-block-fca7652d wp-block-uagb-image--layout-default wp-block-uagb-image--effect-static wp-block-uagb-image--align-none\"><figure class=\"wp-block-uagb-image__figure\"><img decoding=\"async\" srcset=\"https:\/\/marcon-services.com\/wp-content\/uploads\/2021\/07\/MeyerPrint_rasqueta.jpg ,https:\/\/marcon-services.com\/wp-content\/uploads\/2021\/07\/MeyerPrint_rasqueta-e1717966898509.jpg 780w, https:\/\/marcon-services.com\/wp-content\/uploads\/2021\/07\/MeyerPrint_rasqueta-e1717966898509.jpg 360w\" sizes=\"(max-width: 480px) 150px\" src=\"https:\/\/marcon-services.com\/wp-content\/uploads\/2021\/07\/MeyerPrint_rasqueta.jpg\" alt=\"MeyerPrint-OptiPrint_rasqueta\" class=\"uag-image-1259\" width=\"560\" height=\"560\" title=\"OptiPrint-MeyerPrint_rasqueta\" loading=\"lazy\" role=\"img\"\/><\/figure><\/div>\n<\/div>\n\n\n\n<div data-aos= \"slide-left\" data-aos-duration=\"400\" data-aos-delay=\"0\" data-aos-easing=\"ease\" data-aos-once=\"true\" class=\"wp-block-uagb-column uagb-column__wrap uagb-column__background-undefined uagb-block-852978ec\"><div class=\"uagb-column__overlay\"><\/div>\n<h1 class=\"wp-block-heading\">Rasqueta TKM Opti Print<\/h1>\n\n\n\n<p><strong>Caracter\u00edsticas y ventajas<\/strong><\/p>\n\n\n\n<ul>\n<li>Hasta un 20% m\u00e1s de durabilidad<\/li>\n\n\n\n<li>Menor desgaste del cilindro<\/li>\n\n\n\n<li>Tiempos de puesta en marcha cortos (huecograbado)<\/li>\n\n\n\n<li>Alta calidad de impresi\u00f3n continua<\/li>\n\n\n\n<li>Menos gasto<\/li>\n\n\n\n<li>Reducci\u00f3n del tiempo de inactividad de la m\u00e1quina<\/li>\n<\/ul>\n\n\n\n<p>Las Rasquetas TKM OptiPrint, dise\u00f1adas para rotograbado e impresi\u00f3n flexogr\u00e1fica, son cuchillas multiusos, suaves para sus cilindros, fabricadas con acero al carbono de primera calidad con un alto contenido de cromo. La fina estructura de microacero se desgasta en forma de polvo, lo que evita la contaminaci\u00f3n de las part\u00edculas de acero desprendidas en todo el sistema de entintado y raspado para un alto nivel constante de calidad de impresi\u00f3n.<\/p>\n\n\n\n<p>Por supuesto, suministramos hojas de respaldo adecuadas para nuestras hojas rascadoras de alto rendimiento y sus aplicaciones individuales.<\/p>\n<\/div>\n<\/div><\/section>\n\n\n<div class=\"richtext-box big-typo\">\n<p>\u00a0<\/p>\n<\/div>\n<table border=\"1\" cellpadding=\"4\">\n<tbody>\n<tr>\n<td><strong>Forma de la Rasqueta<\/strong><\/td>\n<td><strong>Aplicaciones<\/strong><\/td>\n<\/tr>\n<tr>\n<td><a href=\"https:\/\/www-tkmgroup-com.sandbox.hs-sites.com\/en\/doctor-blades-consumables?hsLang=en&amp;__hstc=191250741.7150a182951fda7f66a6d5949883445c.1622582664487.1625240446698.1625242822904.15&amp;__hssc=191250741.6.1625242822904&amp;__hsfp=781934624#Lamellenrakel\" target=\"_blank\" rel=\"noopener\"><img decoding=\"async\" src=\"https:\/\/www.tkmgroup.com\/hubfs\/grafik-png-Oct-22-2020-11-55-21-53-AM.png\" alt=\"https:\/\/www-tkmgroup-com.sandbox.hs-sites.com\/en\/doctor-blades-consumables-0#Lamellenrakel\" \/><\/a><\/td>\n<td>Impresi\u00f3n flexogr\u00e1fica<\/td>\n<\/tr>\n<tr>\n<td><a href=\"https:\/\/www-tkmgroup-com.sandbox.hs-sites.com\/en\/doctor-blades-consumables?hsLang=en&amp;__hstc=191250741.7150a182951fda7f66a6d5949883445c.1622582664487.1625240446698.1625242822904.15&amp;__hssc=191250741.6.1625242822904&amp;__hsfp=781934624#Stabilrakel\" target=\"_blank\" rel=\"noopener\"><img loading=\"lazy\" decoding=\"async\" class=\"\" src=\"https:\/\/www.tkmgroup.com\/hubfs\/grafik-png-Oct-22-2020-11-58-24-62-AM.png\" alt=\"https:\/\/www-tkmgroup-com.sandbox.hs-sites.com\/en\/doctor-blades-consumables-0#Stabilrakel\" width=\"297\" height=\"108\" \/><\/a><\/td>\n<td>Impresi\u00f3n flexogr\u00e1fica<\/td>\n<\/tr>\n<tr>\n<td><a href=\"https:\/\/www-tkmgroup-com.sandbox.hs-sites.com\/en\/doctor-blades-consumables?hsLang=en&amp;__hstc=191250741.7150a182951fda7f66a6d5949883445c.1622582664487.1625240446698.1625242822904.15&amp;__hssc=191250741.6.1625242822904&amp;__hsfp=781934624#Flexotip\" target=\"_blank\" rel=\"noopener\"><img decoding=\"async\" src=\"https:\/\/www.tkmgroup.com\/hubfs\/grafik-png-Oct-22-2020-11-59-14-24-AM.png\" \/><\/a><\/td>\n<td>Impresi\u00f3n flexogr\u00e1fica<\/td>\n<\/tr>\n<\/tbody>\n<\/table>\n<ul>\n<li><strong>Obtenga resultados de impresi\u00f3n de calidad a\u00fan mayor con ESP y Protect<\/strong><br \/>El tratamiento ESP y el recubrimiento\u00a0<strong>Protect de<\/strong>\u00a0TKM aumentar\u00e1n la durabilidad de sus cuchillas dosificadoras y sus cilindros, lo que conducir\u00e1 a resultados de impresi\u00f3n de calidad significativamente mayor, con las siguientes ventajas:\n<ul>\n<li>Zona de contacto con la mayor calidad de superficie posible<\/li>\n<li>Menor formaci\u00f3n de rebabas<\/li>\n<li>Protecci\u00f3n contra la corrosi\u00f3n<\/li>\n<li>Menos Residuos<\/li>\n<li>Ahorro de tiempo en la puesta en marcha<\/li>\n<li>Menos desgaste<\/li>\n<li>Mayor durabilidad<\/li>\n<\/ul>\n<p><img decoding=\"async\" src=\"https:\/\/www.tkmgroup.com\/hs-fs\/hubfs\/Rakel_ESP_ES.png?width=600&amp;name=Rakel_ESP_ES.png\" sizes=\"(max-width: 600px) 100vw, 600px\" srcset=\"https:\/\/www.tkmgroup.com\/hs-fs\/hubfs\/Rakel_ESP_ES.png?width=300&amp;name=Rakel_ESP_ES.png 300w, https:\/\/www.tkmgroup.com\/hs-fs\/hubfs\/Rakel_ESP_ES.png?width=600&amp;name=Rakel_ESP_ES.png 600w, https:\/\/www.tkmgroup.com\/hs-fs\/hubfs\/Rakel_ESP_ES.png?width=900&amp;name=Rakel_ESP_ES.png 900w, https:\/\/www.tkmgroup.com\/hs-fs\/hubfs\/Rakel_ESP_ES.png?width=1200&amp;name=Rakel_ESP_ES.png 1200w, https:\/\/www.tkmgroup.com\/hs-fs\/hubfs\/Rakel_ESP_ES.png?width=1500&amp;name=Rakel_ESP_ES.png 1500w, https:\/\/www.tkmgroup.com\/hs-fs\/hubfs\/Rakel_ESP_ES.png?width=1800&amp;name=Rakel_ESP_ES.png 1800w\" alt=\"Rakel_ESP_ES\" width=\"600\" \/><\/p>\n<\/li>\n<\/ul>\n<p>\u00a0<\/p>","protected":false},"excerpt":{"rendered":"<p>Rasqueta TKM Opti Print Caracter\u00edsticas y ventajas Las Rasquetas TKM OptiPrint, dise\u00f1adas para rotograbado e impresi\u00f3n flexogr\u00e1fica, son cuchillas multiusos, suaves para sus cilindros, fabricadas con acero al carbono de primera calidad con un alto contenido de cromo. La fina estructura de microacero se desgasta en forma de polvo, lo que evita la contaminaci\u00f3n de [&hellip;]<\/p>\n","protected":false},"author":2,"featured_media":1259,"parent":0,"menu_order":0,"comment_status":"closed","ping_status":"closed","template":"","meta":{"_uag_custom_page_level_css":"","site-sidebar-layout":"no-sidebar","site-content-layout":"plain-container","ast-site-content-layout":"normal-width-container","site-content-style":"unboxed","site-sidebar-style":"unboxed","ast-global-header-display":"","ast-banner-title-visibility":"","ast-main-header-display":"","ast-hfb-above-header-display":"","ast-hfb-below-header-display":"","ast-hfb-mobile-header-display":"","site-post-title":"disabled","ast-breadcrumbs-content":"","ast-featured-img":"disabled","footer-sml-layout":"","theme-transparent-header-meta":"default","adv-header-id-meta":"","stick-header-meta":"","header-above-stick-meta":"","header-main-stick-meta":"","header-below-stick-meta":"","astra-migrate-meta-layouts":"set","ast-page-background-enabled":"default","ast-page-background-meta":{"desktop":{"background-color":"var(--ast-global-color-4)","background-image":"","background-repeat":"repeat","background-position":"center center","background-size":"auto","background-attachment":"scroll","background-type":"","background-media":"","overlay-type":"","overlay-color":"","overlay-opacity":"","overlay-gradient":""},"tablet":{"background-color":"","background-image":"","background-repeat":"repeat","background-position":"center center","background-size":"auto","background-attachment":"scroll","background-type":"","background-media":"","overlay-type":"","overlay-color":"","overlay-opacity":"","overlay-gradient":""},"mobile":{"background-color":"","background-image":"","background-repeat":"repeat","background-position":"center center","background-size":"auto","background-attachment":"scroll","background-type":"","background-media":"","overlay-type":"","overlay-color":"","overlay-opacity":"","overlay-gradient":""}},"ast-content-background-meta":{"desktop":{"background-color":"var(--ast-global-color-5)","background-image":"","background-repeat":"repeat","background-position":"center center","background-size":"auto","background-attachment":"scroll","background-type":"","background-media":"","overlay-type":"","overlay-color":"","overlay-opacity":"","overlay-gradient":""},"tablet":{"background-color":"var(--ast-global-color-5)","background-image":"","background-repeat":"repeat","background-position":"center center","background-size":"auto","background-attachment":"scroll","background-type":"","background-media":"","overlay-type":"","overlay-color":"","overlay-opacity":"","overlay-gradient":""},"mobile":{"background-color":"var(--ast-global-color-5)","background-image":"","background-repeat":"repeat","background-position":"center center","background-size":"auto","background-attachment":"scroll","background-type":"","background-media":"","overlay-type":"","overlay-color":"","overlay-opacity":"","overlay-gradient":""}},"footnotes":""},"yoast_head":"<!-- This site is optimized with the Yoast SEO plugin v23.8 - https:\/\/yoast.com\/wordpress\/plugins\/seo\/ -->\n<title>Rasqueta TKM Opti Print - Marcon Soluciones Para Impresores<\/title>\n<meta name=\"robots\" content=\"index, follow, max-snippet:-1, max-image-preview:large, max-video-preview:-1\" \/>\n<link rel=\"canonical\" href=\"https:\/\/marcon-services.com\/inicio\/tkm-opti-print\/\" \/>\n<meta property=\"og:locale\" content=\"es_MX\" \/>\n<meta property=\"og:type\" content=\"article\" \/>\n<meta property=\"og:title\" content=\"Rasqueta TKM Opti Print - Marcon Soluciones Para Impresores\" \/>\n<meta property=\"og:description\" content=\"Rasqueta TKM Opti Print Caracter\u00edsticas y ventajas Las Rasquetas TKM OptiPrint, dise\u00f1adas para rotograbado e impresi\u00f3n flexogr\u00e1fica, son cuchillas multiusos, suaves para sus cilindros, fabricadas con acero al carbono de primera calidad con un alto contenido de cromo. La fina estructura de microacero se desgasta en forma de polvo, lo que evita la contaminaci\u00f3n de [&hellip;]\" \/>\n<meta property=\"og:url\" content=\"https:\/\/marcon-services.com\/inicio\/tkm-opti-print\/\" \/>\n<meta property=\"og:site_name\" content=\"Marcon Soluciones Para Impresores\" \/>\n<meta property=\"article:modified_time\" content=\"2024-06-09T21:05:37+00:00\" \/>\n<meta property=\"og:image\" content=\"https:\/\/marcon-services.com\/wp-content\/uploads\/2021\/07\/MeyerPrint_rasqueta-e1717966898509.jpg\" \/>\n\t<meta property=\"og:image:width\" content=\"600\" \/>\n\t<meta property=\"og:image:height\" content=\"456\" \/>\n\t<meta property=\"og:image:type\" content=\"image\/jpeg\" \/>\n<meta name=\"twitter:card\" content=\"summary_large_image\" \/>\n<meta name=\"twitter:label1\" content=\"Tiempo de lectura\" \/>\n\t<meta name=\"twitter:data1\" content=\"2 minutos\" \/>\n<script type=\"application\/ld+json\" class=\"yoast-schema-graph\">{\"@context\":\"https:\/\/schema.org\",\"@graph\":[{\"@type\":\"WebPage\",\"@id\":\"https:\/\/marcon-services.com\/inicio\/tkm-opti-print\/\",\"url\":\"https:\/\/marcon-services.com\/inicio\/tkm-opti-print\/\",\"name\":\"Rasqueta TKM Opti Print - Marcon Soluciones Para Impresores\",\"isPartOf\":{\"@id\":\"https:\/\/marcon-services.com\/inicio\/#website\"},\"primaryImageOfPage\":{\"@id\":\"https:\/\/marcon-services.com\/inicio\/tkm-opti-print\/#primaryimage\"},\"image\":{\"@id\":\"https:\/\/marcon-services.com\/inicio\/tkm-opti-print\/#primaryimage\"},\"thumbnailUrl\":\"https:\/\/marcon-services.com\/wp-content\/uploads\/2021\/07\/MeyerPrint_rasqueta-e1717966898509.jpg\",\"datePublished\":\"2021-07-02T16:30:00+00:00\",\"dateModified\":\"2024-06-09T21:05:37+00:00\",\"breadcrumb\":{\"@id\":\"https:\/\/marcon-services.com\/inicio\/tkm-opti-print\/#breadcrumb\"},\"inLanguage\":\"es\",\"potentialAction\":[{\"@type\":\"ReadAction\",\"target\":[\"https:\/\/marcon-services.com\/inicio\/tkm-opti-print\/\"]}]},{\"@type\":\"ImageObject\",\"inLanguage\":\"es\",\"@id\":\"https:\/\/marcon-services.com\/inicio\/tkm-opti-print\/#primaryimage\",\"url\":\"https:\/\/marcon-services.com\/wp-content\/uploads\/2021\/07\/MeyerPrint_rasqueta-e1717966898509.jpg\",\"contentUrl\":\"https:\/\/marcon-services.com\/wp-content\/uploads\/2021\/07\/MeyerPrint_rasqueta-e1717966898509.jpg\",\"width\":600,\"height\":456,\"caption\":\"Opti Print\"},{\"@type\":\"BreadcrumbList\",\"@id\":\"https:\/\/marcon-services.com\/inicio\/tkm-opti-print\/#breadcrumb\",\"itemListElement\":[{\"@type\":\"ListItem\",\"position\":1,\"name\":\"Inicio\",\"item\":\"https:\/\/marcon-services.com\/inicio\/\"},{\"@type\":\"ListItem\",\"position\":2,\"name\":\"Rasqueta TKM Opti Print\"}]},{\"@type\":\"WebSite\",\"@id\":\"https:\/\/marcon-services.com\/inicio\/#website\",\"url\":\"https:\/\/marcon-services.com\/inicio\/\",\"name\":\"Marcon Soluciones Para Impresores\",\"description\":\"Somos una empresa din\u00e1mica fundada en el 2006 enfocada a la industria gr\u00e1fica, pl\u00e1stica, rotograbado, textil y de empaque.  En MARCON representamos y distribuimos oficialmente en M\u00e9xico y Latinoam\u00e9rica marcas l\u00edderes en el mercado de impresi\u00f3n y pl\u00e1stico.\",\"publisher\":{\"@id\":\"https:\/\/marcon-services.com\/inicio\/#organization\"},\"potentialAction\":[{\"@type\":\"SearchAction\",\"target\":{\"@type\":\"EntryPoint\",\"urlTemplate\":\"https:\/\/marcon-services.com\/inicio\/?s={search_term_string}\"},\"query-input\":{\"@type\":\"PropertyValueSpecification\",\"valueRequired\":true,\"valueName\":\"search_term_string\"}}],\"inLanguage\":\"es\"},{\"@type\":\"Organization\",\"@id\":\"https:\/\/marcon-services.com\/inicio\/#organization\",\"name\":\"Marcon Soluciones Para Impresores\",\"url\":\"https:\/\/marcon-services.com\/inicio\/\",\"logo\":{\"@type\":\"ImageObject\",\"inLanguage\":\"es\",\"@id\":\"https:\/\/marcon-services.com\/inicio\/#\/schema\/logo\/image\/\",\"url\":\"https:\/\/marcon-services.com\/wp-content\/uploads\/2021\/10\/LOGO-marcon-soluciones-sin-fondo-1.png\",\"contentUrl\":\"https:\/\/marcon-services.com\/wp-content\/uploads\/2021\/10\/LOGO-marcon-soluciones-sin-fondo-1.png\",\"width\":2872,\"height\":805,\"caption\":\"Marcon Soluciones Para Impresores\"},\"image\":{\"@id\":\"https:\/\/marcon-services.com\/inicio\/#\/schema\/logo\/image\/\"}}]}<\/script>\n<!-- \/ Yoast SEO plugin. -->","yoast_head_json":{"title":"Rasqueta TKM Opti Print - Marcon Soluciones Para Impresores","robots":{"index":"index","follow":"follow","max-snippet":"max-snippet:-1","max-image-preview":"max-image-preview:large","max-video-preview":"max-video-preview:-1"},"canonical":"https:\/\/marcon-services.com\/inicio\/tkm-opti-print\/","og_locale":"es_MX","og_type":"article","og_title":"Rasqueta TKM Opti Print - Marcon Soluciones Para Impresores","og_description":"Rasqueta TKM Opti Print Caracter\u00edsticas y ventajas Las Rasquetas TKM OptiPrint, dise\u00f1adas para rotograbado e impresi\u00f3n flexogr\u00e1fica, son cuchillas multiusos, suaves para sus cilindros, fabricadas con acero al carbono de primera calidad con un alto contenido de cromo. La fina estructura de microacero se desgasta en forma de polvo, lo que evita la contaminaci\u00f3n de [&hellip;]","og_url":"https:\/\/marcon-services.com\/inicio\/tkm-opti-print\/","og_site_name":"Marcon Soluciones Para Impresores","article_modified_time":"2024-06-09T21:05:37+00:00","og_image":[{"width":600,"height":456,"url":"https:\/\/marcon-services.com\/wp-content\/uploads\/2021\/07\/MeyerPrint_rasqueta-e1717966898509.jpg","type":"image\/jpeg"}],"twitter_card":"summary_large_image","twitter_misc":{"Tiempo de lectura":"2 minutos"},"schema":{"@context":"https:\/\/schema.org","@graph":[{"@type":"WebPage","@id":"https:\/\/marcon-services.com\/inicio\/tkm-opti-print\/","url":"https:\/\/marcon-services.com\/inicio\/tkm-opti-print\/","name":"Rasqueta TKM Opti Print - Marcon Soluciones Para Impresores","isPartOf":{"@id":"https:\/\/marcon-services.com\/inicio\/#website"},"primaryImageOfPage":{"@id":"https:\/\/marcon-services.com\/inicio\/tkm-opti-print\/#primaryimage"},"image":{"@id":"https:\/\/marcon-services.com\/inicio\/tkm-opti-print\/#primaryimage"},"thumbnailUrl":"https:\/\/marcon-services.com\/wp-content\/uploads\/2021\/07\/MeyerPrint_rasqueta-e1717966898509.jpg","datePublished":"2021-07-02T16:30:00+00:00","dateModified":"2024-06-09T21:05:37+00:00","breadcrumb":{"@id":"https:\/\/marcon-services.com\/inicio\/tkm-opti-print\/#breadcrumb"},"inLanguage":"es","potentialAction":[{"@type":"ReadAction","target":["https:\/\/marcon-services.com\/inicio\/tkm-opti-print\/"]}]},{"@type":"ImageObject","inLanguage":"es","@id":"https:\/\/marcon-services.com\/inicio\/tkm-opti-print\/#primaryimage","url":"https:\/\/marcon-services.com\/wp-content\/uploads\/2021\/07\/MeyerPrint_rasqueta-e1717966898509.jpg","contentUrl":"https:\/\/marcon-services.com\/wp-content\/uploads\/2021\/07\/MeyerPrint_rasqueta-e1717966898509.jpg","width":600,"height":456,"caption":"Opti Print"},{"@type":"BreadcrumbList","@id":"https:\/\/marcon-services.com\/inicio\/tkm-opti-print\/#breadcrumb","itemListElement":[{"@type":"ListItem","position":1,"name":"Inicio","item":"https:\/\/marcon-services.com\/inicio\/"},{"@type":"ListItem","position":2,"name":"Rasqueta TKM Opti Print"}]},{"@type":"WebSite","@id":"https:\/\/marcon-services.com\/inicio\/#website","url":"https:\/\/marcon-services.com\/inicio\/","name":"Marcon Soluciones Para Impresores","description":"Somos una empresa din\u00e1mica fundada en el 2006 enfocada a la industria gr\u00e1fica, pl\u00e1stica, rotograbado, textil y de empaque.  En MARCON representamos y distribuimos oficialmente en M\u00e9xico y Latinoam\u00e9rica marcas l\u00edderes en el mercado de impresi\u00f3n y pl\u00e1stico.","publisher":{"@id":"https:\/\/marcon-services.com\/inicio\/#organization"},"potentialAction":[{"@type":"SearchAction","target":{"@type":"EntryPoint","urlTemplate":"https:\/\/marcon-services.com\/inicio\/?s={search_term_string}"},"query-input":{"@type":"PropertyValueSpecification","valueRequired":true,"valueName":"search_term_string"}}],"inLanguage":"es"},{"@type":"Organization","@id":"https:\/\/marcon-services.com\/inicio\/#organization","name":"Marcon Soluciones Para Impresores","url":"https:\/\/marcon-services.com\/inicio\/","logo":{"@type":"ImageObject","inLanguage":"es","@id":"https:\/\/marcon-services.com\/inicio\/#\/schema\/logo\/image\/","url":"https:\/\/marcon-services.com\/wp-content\/uploads\/2021\/10\/LOGO-marcon-soluciones-sin-fondo-1.png","contentUrl":"https:\/\/marcon-services.com\/wp-content\/uploads\/2021\/10\/LOGO-marcon-soluciones-sin-fondo-1.png","width":2872,"height":805,"caption":"Marcon Soluciones Para Impresores"},"image":{"@id":"https:\/\/marcon-services.com\/inicio\/#\/schema\/logo\/image\/"}}]}},"uagb_featured_image_src":{"full":["https:\/\/marcon-services.com\/wp-content\/uploads\/2021\/07\/MeyerPrint_rasqueta-e1717966898509.jpg",600,456,false],"thumbnail":["https:\/\/marcon-services.com\/wp-content\/uploads\/2021\/07\/MeyerPrint_rasqueta-150x150.jpg",150,150,true],"medium":["https:\/\/marcon-services.com\/wp-content\/uploads\/2021\/07\/MeyerPrint_rasqueta-300x228.jpg",300,228,true],"medium_large":["https:\/\/marcon-services.com\/wp-content\/uploads\/2021\/07\/MeyerPrint_rasqueta-768x584.jpg",768,584,true],"large":["https:\/\/marcon-services.com\/wp-content\/uploads\/2021\/07\/MeyerPrint_rasqueta-e1717966898509.jpg",600,456,false],"1536x1536":["https:\/\/marcon-services.com\/wp-content\/uploads\/2021\/07\/MeyerPrint_rasqueta-e1717966898509.jpg",600,456,false],"2048x2048":["https:\/\/marcon-services.com\/wp-content\/uploads\/2021\/07\/MeyerPrint_rasqueta-e1717966898509.jpg",600,456,false],"trp-custom-language-flag":["https:\/\/marcon-services.com\/wp-content\/uploads\/2021\/07\/MeyerPrint_rasqueta-e1717966898509.jpg",16,12,false]},"uagb_author_info":{"display_name":"marcons-web","author_link":"https:\/\/marcon-services.com\/inicio\/author\/osvaldo\/"},"uagb_comment_info":0,"uagb_excerpt":"Rasqueta TKM Opti Print Caracter\u00edsticas y ventajas Las Rasquetas TKM OptiPrint, dise\u00f1adas para rotograbado e impresi\u00f3n flexogr\u00e1fica, son cuchillas multiusos, suaves para sus cilindros, fabricadas con acero al carbono de primera calidad con un alto contenido de cromo. La fina estructura de microacero se desgasta en forma de polvo, lo que evita la contaminaci\u00f3n de&hellip;","_links":{"self":[{"href":"https:\/\/marcon-services.com\/inicio\/wp-json\/wp\/v2\/pages\/1271"}],"collection":[{"href":"https:\/\/marcon-services.com\/inicio\/wp-json\/wp\/v2\/pages"}],"about":[{"href":"https:\/\/marcon-services.com\/inicio\/wp-json\/wp\/v2\/types\/page"}],"author":[{"embeddable":true,"href":"https:\/\/marcon-services.com\/inicio\/wp-json\/wp\/v2\/users\/2"}],"replies":[{"embeddable":true,"href":"https:\/\/marcon-services.com\/inicio\/wp-json\/wp\/v2\/comments?post=1271"}],"version-history":[{"count":11,"href":"https:\/\/marcon-services.com\/inicio\/wp-json\/wp\/v2\/pages\/1271\/revisions"}],"predecessor-version":[{"id":2352,"href":"https:\/\/marcon-services.com\/inicio\/wp-json\/wp\/v2\/pages\/1271\/revisions\/2352"}],"wp:featuredmedia":[{"embeddable":true,"href":"https:\/\/marcon-services.com\/inicio\/wp-json\/wp\/v2\/media\/1259"}],"wp:attachment":[{"href":"https:\/\/marcon-services.com\/inicio\/wp-json\/wp\/v2\/media?parent=1271"}],"curies":[{"name":"wp","href":"https:\/\/api.w.org\/{rel}","templated":true}]}}