{"id":156,"date":"2017-08-29T13:45:21","date_gmt":"2017-08-29T19:45:21","guid":{"rendered":"http:\/\/marcon-services.com\/?page_id=156"},"modified":"2024-06-13T16:02:08","modified_gmt":"2024-06-13T22:02:08","slug":"nosotros","status":"publish","type":"page","link":"https:\/\/marcon-services.com\/inicio\/nosotros\/","title":{"rendered":"Nosotros"},"content":{"rendered":"\n<div class=\"wp-block-uagb-container uagb-block-e6240e69 alignfull uagb-is-root-container\"><div class=\"uagb-container-inner-blocks-wrap\">\n<div class=\"wp-block-uagb-container uagb-block-9445a343\">\n<div class=\"wp-block-uagb-container uagb-block-e0968ca5\">\n<figure class=\"wp-block-image size-large\"><img loading=\"lazy\" decoding=\"async\" width=\"768\" height=\"1024\" src=\"https:\/\/marcon-services.com\/wp-content\/uploads\/2018\/07\/Nosotros1-768x1024.png\" alt=\"\" class=\"wp-image-485\" srcset=\"https:\/\/marcon-services.com\/wp-content\/uploads\/2018\/07\/Nosotros1-768x1024.png 768w, https:\/\/marcon-services.com\/wp-content\/uploads\/2018\/07\/Nosotros1-225x300.png 225w\" sizes=\"(max-width: 768px) 100vw, 768px\" \/><\/figure>\n<\/div>\n\n\n\n<div class=\"wp-block-uagb-container uagb-block-afc74031\">\n<p>MARCON es una empresa familiar y fue fundada en el 2006, desde entonces nuestro servicio se enfoca en la industria Gr\u00e1fica, Pl\u00e1stica, Textil y Empaque.<\/p>\n\n\n\n<div class=\"wp-block-uagb-container uagb-block-f38a384a\">\n<h1 style=\"text-align: center;\"><strong><span style=\"color: #ffffff;\">HISTORIA<\/span><\/strong><\/h1>\n<\/div>\n\n\n\n<p align=\"justify\">2010 \u2013 Distribuidor oficial de TKM fabricante de rasqueta hecha en Alemania con acero alem\u00e1n en M\u00e9xico, Centroam\u00e9rica y gran parte de Sudam\u00e9rica.<\/p>\n<p>2011 \u2013 Distribuidor oficial y soporte t\u00e9cnico de Softal.<\/p>\n<p>2012 \u2013 Introducci\u00f3n de Enpurex limpiador de anilox, hecho en Alemania.<\/p>\n<p>2018 \u2013 Introducci\u00f3n de la Rasqueta CeraPrint, PowerPrint y MicroPrint en M\u00e9xico.<\/p>\n<p>2020 \u2013 Lanzamiento de la Rasqueta CeraPrint XT y CeraFlex XT.<\/p>\n<p>2020 \u2013 TKM Meyer 10 a\u00f1os exitosos representado en M\u00e9xico por Marcon.<\/p>\n\n\n\n<div class=\"wp-block-uagb-container uagb-block-4e0cf845\">\n<h1 style=\"text-align: center;\"><strong><span style=\"color: #ffffff;\">MISI\u00d3N<\/span><\/strong><\/h1>\n<\/div>\n\n\n\n<p style=\"text-align: justify;\">Satisfacer las necesidades de nuestros clientes a trav\u00e9s de nuestro personal altamente capacitado y especializado,distribuyendo productos de la m\u00e1s alta calidad, con el compromiso del mejor servicio de atender clientes de las industrias de Gr\u00e1fica, Pl\u00e1stica, Textil y Empaques en todo Latinoam\u00e9rica.<\/p>\n<\/div>\n<\/div>\n<\/div><\/div>\n\n\n\n<div class=\"wp-block-uagb-container uagb-block-5dcac14a alignfull uagb-is-root-container\"><div class=\"uagb-container-inner-blocks-wrap\">\n<div class=\"wp-block-uagb-container uagb-block-8aebad41\">\n<h1 style=\"text-align: center;\"><strong><span style=\"color: #ffffff;\">VISI\u00d3N<\/span><\/strong><\/h1>\n<\/div>\n\n\n\n<div class=\"wp-block-uagb-container uagb-block-025a977a\">\n<h1 style=\"text-align: center;\"><strong><span style=\"color: #ffffff;\">VALORES<\/span><\/strong><\/h1>\n<\/div>\n\n\n\n<div class=\"wp-block-uagb-container uagb-block-6d0dfb01\">\n<p>Ser una empresa l\u00edder, confiable y reconocida por nuestros productos innovativos, soluciones funcionales y servicios eficientes.<\/p>\n<\/div>\n\n\n\n<div class=\"wp-block-uagb-container uagb-block-379b070b\">\n<div class=\"wp-block-columns is-layout-flex wp-container-core-columns-is-layout-1 wp-block-columns-is-layout-flex\">\n<div class=\"wp-block-column is-layout-flow wp-block-column-is-layout-flow\" style=\"flex-basis:50%\">\n<ul>\n<li>Disciplina<\/li>\n<li>Pro actividad<\/li>\n<li style=\"text-align: left;\">Responsabilidad<\/li>\n<li style=\"text-align: left;\">Calidad<\/li>\n<\/ul>\n<\/div>\n\n\n\n<div class=\"wp-block-column is-layout-flow wp-block-column-is-layout-flow\" style=\"flex-basis:50%\">\n<ul>\n<li>Integridad y transparencia<\/li>\n<li style=\"text-align: left;\">Compromiso<\/li>\n<li>Confianza<\/li>\n<li>Trabajo en equipo<\/li>\n<\/ul>\n<\/div>\n<\/div>\n<\/div>\n\n\n\n<div class=\"wp-block-uagb-container uagb-block-0f028302\">\n<h1 style=\"text-align: center;\"><span style=\"color: #ffffff;\"><strong>MARCAS<\/strong><\/span><\/h1>\n<\/div>\n\n\n\n<div class=\"wp-block-uagb-container uagb-block-d4800d58\">\n<div class=\"wp-block-columns is-layout-flex wp-container-core-columns-is-layout-2 wp-block-columns-is-layout-flex\">\n<div class=\"wp-block-column is-layout-flow wp-block-column-is-layout-flow\" style=\"flex-basis:50%\">\n<p>MARCON es representante y distribuidor oficial de las marcas de Rasqueta TKM Meyer, combinando el dinamismo de empresas l\u00edderes en el mercado de impresi\u00f3n y pl\u00e1stico.<\/p>\n<p>MARCON se especializa en servicio t\u00e9cnico y ventas en gran parte de Latinoam\u00e9rica para diferentes industrias: Gr\u00e1fica, Pl\u00e1stica, Textil y Empaques.<\/p>\n<\/div>\n\n\n\n<div class=\"wp-block-column is-layout-flow wp-block-column-is-layout-flow\" style=\"flex-basis:50%\">\n<div class=\"wpb_column vc_column_container vc_col-sm-6\">\n<div class=\"vc_column-inner vc_custom_1532364872898\">\n<div class=\"wpb_wrapper\">\n<div class=\"vc_row wpb_row vc_inner vc_row-fluid\">\n<div class=\"wpb_column vc_column_container vc_col-sm-6\">\n<div class=\"vc_column-inner \">\n<div class=\"wpb_wrapper\">\n<div class=\"wpb_single_image wpb_content_element vc_align_center\">\n<figure class=\"wpb_wrapper vc_figure\">\n<div class=\"vc_single_image-wrapper   vc_box_border_grey\"><img loading=\"lazy\" decoding=\"async\" class=\"vc_single_image-img attachment-thumbnail aligncenter\" src=\"https:\/\/marcon-services.com\/wp-content\/uploads\/2018\/07\/tkmshow-150x150.jpg\" sizes=\"(max-width: 150px) 100vw, 150px\" srcset=\"https:\/\/marcon-services.com\/wp-content\/uploads\/2018\/07\/tkmshow-150x150.jpg 150w, https:\/\/marcon-services.com\/wp-content\/uploads\/2018\/07\/tkmshow-250x250.jpg 250w\" alt=\"\" width=\"150\" height=\"150\" \/><\/div>\n<\/figure>\n<\/div>\n<\/div>\n<\/div>\n<\/div>\n<div class=\"wpb_column vc_column_container vc_col-sm-6\">\n<div class=\"vc_column-inner \">\n<div class=\"wpb_wrapper\">\n<div class=\"wpb_single_image wpb_content_element vc_align_center\">\n<figure class=\"wpb_wrapper vc_figure\">\n<div class=\"vc_single_image-wrapper   vc_box_border_grey\"><img loading=\"lazy\" decoding=\"async\" class=\"vc_single_image-img attachment-thumbnail aligncenter\" src=\"https:\/\/marcon-services.com\/wp-content\/uploads\/2018\/07\/enpurexshow-150x150.jpg\" sizes=\"(max-width: 150px) 100vw, 150px\" srcset=\"https:\/\/marcon-services.com\/wp-content\/uploads\/2018\/07\/enpurexshow-150x150.jpg 150w, https:\/\/marcon-services.com\/wp-content\/uploads\/2018\/07\/enpurexshow-250x250.jpg 250w\" alt=\"ENPUREX LIMPIADOR ANILOX\" width=\"150\" height=\"150\" \/><\/div>\n<\/figure>\n<\/div>\n<\/div>\n<\/div>\n<\/div>\n<\/div>\n<\/div>\n<\/div>\n<\/div>\n<\/div>\n<\/div>\n<\/div>\n<\/div><\/div>\n","protected":false},"excerpt":{"rendered":"<p>MARCON es una empresa familiar y fue fundada en el 2006, desde entonces nuestro servicio se enfoca en la industria Gr\u00e1fica, Pl\u00e1stica, Textil y Empaque. HISTORIA 2010 \u2013 Distribuidor oficial de TKM fabricante de rasqueta hecha en Alemania con acero alem\u00e1n en M\u00e9xico, Centroam\u00e9rica y gran parte de Sudam\u00e9rica. 2011 \u2013 Distribuidor oficial y soporte [&hellip;]<\/p>\n","protected":false},"author":1,"featured_media":0,"parent":0,"menu_order":0,"comment_status":"closed","ping_status":"closed","template":"","meta":{"_uag_custom_page_level_css":"","site-sidebar-layout":"no-sidebar","site-content-layout":"plain-container","ast-site-content-layout":"normal-width-container","site-content-style":"unboxed","site-sidebar-style":"unboxed","ast-global-header-display":"","ast-banner-title-visibility":"","ast-main-header-display":"","ast-hfb-above-header-display":"","ast-hfb-below-header-display":"","ast-hfb-mobile-header-display":"","site-post-title":"disabled","ast-breadcrumbs-content":"","ast-featured-img":"disabled","footer-sml-layout":"","theme-transparent-header-meta":"","adv-header-id-meta":"","stick-header-meta":"","header-above-stick-meta":"","header-main-stick-meta":"","header-below-stick-meta":"","astra-migrate-meta-layouts":"set","ast-page-background-enabled":"default","ast-page-background-meta":{"desktop":{"background-color":"var(--ast-global-color-4)","background-image":"","background-repeat":"repeat","background-position":"center center","background-size":"auto","background-attachment":"scroll","background-type":"","background-media":"","overlay-type":"","overlay-color":"","overlay-opacity":"","overlay-gradient":""},"tablet":{"background-color":"","background-image":"","background-repeat":"repeat","background-position":"center center","background-size":"auto","background-attachment":"scroll","background-type":"","background-media":"","overlay-type":"","overlay-color":"","overlay-opacity":"","overlay-gradient":""},"mobile":{"background-color":"","background-image":"","background-repeat":"repeat","background-position":"center center","background-size":"auto","background-attachment":"scroll","background-type":"","background-media":"","overlay-type":"","overlay-color":"","overlay-opacity":"","overlay-gradient":""}},"ast-content-background-meta":{"desktop":{"background-color":"var(--ast-global-color-5)","background-image":"","background-repeat":"repeat","background-position":"center center","background-size":"auto","background-attachment":"scroll","background-type":"","background-media":"","overlay-type":"","overlay-color":"","overlay-opacity":"","overlay-gradient":""},"tablet":{"background-color":"var(--ast-global-color-5)","background-image":"","background-repeat":"repeat","background-position":"center center","background-size":"auto","background-attachment":"scroll","background-type":"","background-media":"","overlay-type":"","overlay-color":"","overlay-opacity":"","overlay-gradient":""},"mobile":{"background-color":"var(--ast-global-color-5)","background-image":"","background-repeat":"repeat","background-position":"center center","background-size":"auto","background-attachment":"scroll","background-type":"","background-media":"","overlay-type":"","overlay-color":"","overlay-opacity":"","overlay-gradient":""}},"footnotes":""},"yoast_head":"<!-- This site is optimized with the Yoast SEO plugin v23.8 - https:\/\/yoast.com\/wordpress\/plugins\/seo\/ -->\n<title>Nosotros - Marcon Soluciones Para Impresores<\/title>\n<meta name=\"robots\" content=\"index, follow, max-snippet:-1, max-image-preview:large, max-video-preview:-1\" \/>\n<link rel=\"canonical\" href=\"https:\/\/marcon-services.com\/inicio\/nosotros\/\" \/>\n<meta property=\"og:locale\" content=\"es_MX\" \/>\n<meta property=\"og:type\" content=\"article\" \/>\n<meta property=\"og:title\" content=\"Nosotros - Marcon Soluciones Para Impresores\" \/>\n<meta property=\"og:description\" content=\"MARCON es una empresa familiar y fue fundada en el 2006, desde entonces nuestro servicio se enfoca en la industria Gr\u00e1fica, Pl\u00e1stica, Textil y Empaque. HISTORIA 2010 \u2013 Distribuidor oficial de TKM fabricante de rasqueta hecha en Alemania con acero alem\u00e1n en M\u00e9xico, Centroam\u00e9rica y gran parte de Sudam\u00e9rica. 2011 \u2013 Distribuidor oficial y soporte [&hellip;]\" \/>\n<meta property=\"og:url\" content=\"https:\/\/marcon-services.com\/inicio\/nosotros\/\" \/>\n<meta property=\"og:site_name\" content=\"Marcon Soluciones Para Impresores\" \/>\n<meta property=\"article:modified_time\" content=\"2024-06-13T22:02:08+00:00\" \/>\n<meta property=\"og:image\" content=\"https:\/\/marcon-services.com\/wp-content\/uploads\/2018\/07\/Nosotros1-768x1024.png\" \/>\n<meta name=\"twitter:card\" content=\"summary_large_image\" \/>\n<meta name=\"twitter:label1\" content=\"Tiempo de lectura\" \/>\n\t<meta name=\"twitter:data1\" content=\"2 minutos\" \/>\n<script type=\"application\/ld+json\" class=\"yoast-schema-graph\">{\"@context\":\"https:\/\/schema.org\",\"@graph\":[{\"@type\":\"WebPage\",\"@id\":\"https:\/\/marcon-services.com\/inicio\/nosotros\/\",\"url\":\"https:\/\/marcon-services.com\/inicio\/nosotros\/\",\"name\":\"Nosotros - Marcon Soluciones Para Impresores\",\"isPartOf\":{\"@id\":\"https:\/\/marcon-services.com\/inicio\/#website\"},\"primaryImageOfPage\":{\"@id\":\"https:\/\/marcon-services.com\/inicio\/nosotros\/#primaryimage\"},\"image\":{\"@id\":\"https:\/\/marcon-services.com\/inicio\/nosotros\/#primaryimage\"},\"thumbnailUrl\":\"https:\/\/marcon-services.com\/wp-content\/uploads\/2018\/07\/Nosotros1-768x1024.png\",\"datePublished\":\"2017-08-29T19:45:21+00:00\",\"dateModified\":\"2024-06-13T22:02:08+00:00\",\"breadcrumb\":{\"@id\":\"https:\/\/marcon-services.com\/inicio\/nosotros\/#breadcrumb\"},\"inLanguage\":\"es\",\"potentialAction\":[{\"@type\":\"ReadAction\",\"target\":[\"https:\/\/marcon-services.com\/inicio\/nosotros\/\"]}]},{\"@type\":\"ImageObject\",\"inLanguage\":\"es\",\"@id\":\"https:\/\/marcon-services.com\/inicio\/nosotros\/#primaryimage\",\"url\":\"https:\/\/marcon-services.com\/wp-content\/uploads\/2018\/07\/Nosotros1-768x1024.png\",\"contentUrl\":\"https:\/\/marcon-services.com\/wp-content\/uploads\/2018\/07\/Nosotros1-768x1024.png\"},{\"@type\":\"BreadcrumbList\",\"@id\":\"https:\/\/marcon-services.com\/inicio\/nosotros\/#breadcrumb\",\"itemListElement\":[{\"@type\":\"ListItem\",\"position\":1,\"name\":\"Inicio\",\"item\":\"https:\/\/marcon-services.com\/inicio\/\"},{\"@type\":\"ListItem\",\"position\":2,\"name\":\"Nosotros\"}]},{\"@type\":\"WebSite\",\"@id\":\"https:\/\/marcon-services.com\/inicio\/#website\",\"url\":\"https:\/\/marcon-services.com\/inicio\/\",\"name\":\"Marcon Soluciones Para Impresores\",\"description\":\"Somos una empresa din\u00e1mica fundada en el 2006 enfocada a la industria gr\u00e1fica, pl\u00e1stica, rotograbado, textil y de empaque.  En MARCON representamos y distribuimos oficialmente en M\u00e9xico y Latinoam\u00e9rica marcas l\u00edderes en el mercado de impresi\u00f3n y pl\u00e1stico.\",\"publisher\":{\"@id\":\"https:\/\/marcon-services.com\/inicio\/#organization\"},\"potentialAction\":[{\"@type\":\"SearchAction\",\"target\":{\"@type\":\"EntryPoint\",\"urlTemplate\":\"https:\/\/marcon-services.com\/inicio\/?s={search_term_string}\"},\"query-input\":{\"@type\":\"PropertyValueSpecification\",\"valueRequired\":true,\"valueName\":\"search_term_string\"}}],\"inLanguage\":\"es\"},{\"@type\":\"Organization\",\"@id\":\"https:\/\/marcon-services.com\/inicio\/#organization\",\"name\":\"Marcon Soluciones Para Impresores\",\"url\":\"https:\/\/marcon-services.com\/inicio\/\",\"logo\":{\"@type\":\"ImageObject\",\"inLanguage\":\"es\",\"@id\":\"https:\/\/marcon-services.com\/inicio\/#\/schema\/logo\/image\/\",\"url\":\"https:\/\/marcon-services.com\/wp-content\/uploads\/2021\/10\/LOGO-marcon-soluciones-sin-fondo-1.png\",\"contentUrl\":\"https:\/\/marcon-services.com\/wp-content\/uploads\/2021\/10\/LOGO-marcon-soluciones-sin-fondo-1.png\",\"width\":2872,\"height\":805,\"caption\":\"Marcon Soluciones Para Impresores\"},\"image\":{\"@id\":\"https:\/\/marcon-services.com\/inicio\/#\/schema\/logo\/image\/\"}}]}<\/script>\n<!-- \/ Yoast SEO plugin. -->","yoast_head_json":{"title":"Nosotros - Marcon Soluciones Para Impresores","robots":{"index":"index","follow":"follow","max-snippet":"max-snippet:-1","max-image-preview":"max-image-preview:large","max-video-preview":"max-video-preview:-1"},"canonical":"https:\/\/marcon-services.com\/inicio\/nosotros\/","og_locale":"es_MX","og_type":"article","og_title":"Nosotros - Marcon Soluciones Para Impresores","og_description":"MARCON es una empresa familiar y fue fundada en el 2006, desde entonces nuestro servicio se enfoca en la industria Gr\u00e1fica, Pl\u00e1stica, Textil y Empaque. HISTORIA 2010 \u2013 Distribuidor oficial de TKM fabricante de rasqueta hecha en Alemania con acero alem\u00e1n en M\u00e9xico, Centroam\u00e9rica y gran parte de Sudam\u00e9rica. 2011 \u2013 Distribuidor oficial y soporte [&hellip;]","og_url":"https:\/\/marcon-services.com\/inicio\/nosotros\/","og_site_name":"Marcon Soluciones Para Impresores","article_modified_time":"2024-06-13T22:02:08+00:00","og_image":[{"url":"https:\/\/marcon-services.com\/wp-content\/uploads\/2018\/07\/Nosotros1-768x1024.png"}],"twitter_card":"summary_large_image","twitter_misc":{"Tiempo de lectura":"2 minutos"},"schema":{"@context":"https:\/\/schema.org","@graph":[{"@type":"WebPage","@id":"https:\/\/marcon-services.com\/inicio\/nosotros\/","url":"https:\/\/marcon-services.com\/inicio\/nosotros\/","name":"Nosotros - Marcon Soluciones Para Impresores","isPartOf":{"@id":"https:\/\/marcon-services.com\/inicio\/#website"},"primaryImageOfPage":{"@id":"https:\/\/marcon-services.com\/inicio\/nosotros\/#primaryimage"},"image":{"@id":"https:\/\/marcon-services.com\/inicio\/nosotros\/#primaryimage"},"thumbnailUrl":"https:\/\/marcon-services.com\/wp-content\/uploads\/2018\/07\/Nosotros1-768x1024.png","datePublished":"2017-08-29T19:45:21+00:00","dateModified":"2024-06-13T22:02:08+00:00","breadcrumb":{"@id":"https:\/\/marcon-services.com\/inicio\/nosotros\/#breadcrumb"},"inLanguage":"es","potentialAction":[{"@type":"ReadAction","target":["https:\/\/marcon-services.com\/inicio\/nosotros\/"]}]},{"@type":"ImageObject","inLanguage":"es","@id":"https:\/\/marcon-services.com\/inicio\/nosotros\/#primaryimage","url":"https:\/\/marcon-services.com\/wp-content\/uploads\/2018\/07\/Nosotros1-768x1024.png","contentUrl":"https:\/\/marcon-services.com\/wp-content\/uploads\/2018\/07\/Nosotros1-768x1024.png"},{"@type":"BreadcrumbList","@id":"https:\/\/marcon-services.com\/inicio\/nosotros\/#breadcrumb","itemListElement":[{"@type":"ListItem","position":1,"name":"Inicio","item":"https:\/\/marcon-services.com\/inicio\/"},{"@type":"ListItem","position":2,"name":"Nosotros"}]},{"@type":"WebSite","@id":"https:\/\/marcon-services.com\/inicio\/#website","url":"https:\/\/marcon-services.com\/inicio\/","name":"Marcon Soluciones Para Impresores","description":"Somos una empresa din\u00e1mica fundada en el 2006 enfocada a la industria gr\u00e1fica, pl\u00e1stica, rotograbado, textil y de empaque.  En MARCON representamos y distribuimos oficialmente en M\u00e9xico y Latinoam\u00e9rica marcas l\u00edderes en el mercado de impresi\u00f3n y pl\u00e1stico.","publisher":{"@id":"https:\/\/marcon-services.com\/inicio\/#organization"},"potentialAction":[{"@type":"SearchAction","target":{"@type":"EntryPoint","urlTemplate":"https:\/\/marcon-services.com\/inicio\/?s={search_term_string}"},"query-input":{"@type":"PropertyValueSpecification","valueRequired":true,"valueName":"search_term_string"}}],"inLanguage":"es"},{"@type":"Organization","@id":"https:\/\/marcon-services.com\/inicio\/#organization","name":"Marcon Soluciones Para Impresores","url":"https:\/\/marcon-services.com\/inicio\/","logo":{"@type":"ImageObject","inLanguage":"es","@id":"https:\/\/marcon-services.com\/inicio\/#\/schema\/logo\/image\/","url":"https:\/\/marcon-services.com\/wp-content\/uploads\/2021\/10\/LOGO-marcon-soluciones-sin-fondo-1.png","contentUrl":"https:\/\/marcon-services.com\/wp-content\/uploads\/2021\/10\/LOGO-marcon-soluciones-sin-fondo-1.png","width":2872,"height":805,"caption":"Marcon Soluciones Para Impresores"},"image":{"@id":"https:\/\/marcon-services.com\/inicio\/#\/schema\/logo\/image\/"}}]}},"uagb_featured_image_src":{"full":false,"thumbnail":false,"medium":false,"medium_large":false,"large":false,"1536x1536":false,"2048x2048":false,"trp-custom-language-flag":false},"uagb_author_info":{"display_name":"marcon-services","author_link":"https:\/\/marcon-services.com\/inicio\/author\/marcon-services\/"},"uagb_comment_info":0,"uagb_excerpt":"MARCON es una empresa familiar y fue fundada en el 2006, desde entonces nuestro servicio se enfoca en la industria Gr\u00e1fica, Pl\u00e1stica, Textil y Empaque. HISTORIA 2010 \u2013 Distribuidor oficial de TKM fabricante de rasqueta hecha en Alemania con acero alem\u00e1n en M\u00e9xico, Centroam\u00e9rica y gran parte de Sudam\u00e9rica. 2011 \u2013 Distribuidor oficial y soporte&hellip;","_links":{"self":[{"href":"https:\/\/marcon-services.com\/inicio\/wp-json\/wp\/v2\/pages\/156"}],"collection":[{"href":"https:\/\/marcon-services.com\/inicio\/wp-json\/wp\/v2\/pages"}],"about":[{"href":"https:\/\/marcon-services.com\/inicio\/wp-json\/wp\/v2\/types\/page"}],"author":[{"embeddable":true,"href":"https:\/\/marcon-services.com\/inicio\/wp-json\/wp\/v2\/users\/1"}],"replies":[{"embeddable":true,"href":"https:\/\/marcon-services.com\/inicio\/wp-json\/wp\/v2\/comments?post=156"}],"version-history":[{"count":76,"href":"https:\/\/marcon-services.com\/inicio\/wp-json\/wp\/v2\/pages\/156\/revisions"}],"predecessor-version":[{"id":2551,"href":"https:\/\/marcon-services.com\/inicio\/wp-json\/wp\/v2\/pages\/156\/revisions\/2551"}],"wp:attachment":[{"href":"https:\/\/marcon-services.com\/inicio\/wp-json\/wp\/v2\/media?parent=156"}],"curies":[{"name":"wp","href":"https:\/\/api.w.org\/{rel}","templated":true}]}}